{"id":618,"date":"2019-12-14T10:35:54","date_gmt":"2019-12-14T08:35:54","guid":{"rendered":"http:\/\/kardlanukuteater.ee\/?page_id=618"},"modified":"2024-08-28T12:18:25","modified_gmt":"2024-08-28T09:18:25","slug":"hinnakiri","status":"publish","type":"page","link":"https:\/\/kardlanukuteater.ee\/?page_id=618","title":{"rendered":"Hinnakiri"},"content":{"rendered":"<p>MT\u00dc K\u00e4rdla Nukuteater <strong>hinnakiri<\/strong> seisuga s\u00fcgis 2023<\/p>\n<p>Etenduse pilet- 5\u20ac, v\u00e4ljastpoolt nukuteatrit, k\u00fclalisesinejad v\u00f5ivad kehtestada oma piletihinna.<\/p>\n<p>Laste s\u00fcnnip\u00e4evad 25\u20ac\/h +m\u00e4ngujuht- jj\u00e4relvaataja15\u20ac\/h<\/p>\n<p>Kui s\u00fcndmusele soovitakse ka tellida etendus, siis selles lepitakse hinnas eraldi kokku.<\/p>\n<p>V\u00e4ikelaste m\u00e4ngutund, hind kokkuleppel<\/p>\n<p>Ruumide kasutamine alates 10\u20ac\/h (jooga, shindo, qigong, t\u00f6\u00f6toad, koosolekud)<\/p>\n<p>Kost\u00fc\u00fcmilaenutus 5&#8230;..15\u20ac\/ komplekt<\/p>\n<p>MT\u00dc K\u00e4rdla Nukuteater a\/a EE882200 221011739929 Swedbank<\/p>\n","protected":false},"excerpt":{"rendered":"<p>MT\u00dc K\u00e4rdla Nukuteater hinnakiri seisuga s\u00fcgis 2023 Etenduse pilet- 5\u20ac, v\u00e4ljastpoolt nukuteatrit, k\u00fclalisesinejad v\u00f5ivad kehtestada oma piletihinna. Laste s\u00fcnnip\u00e4evad 25\u20ac\/h +m\u00e4ngujuht- jj\u00e4relvaataja15\u20ac\/h Kui s\u00fcndmusele soovitakse ka tellida etendus, siis selles lepitakse hinnas eraldi kokku. V\u00e4ikelaste m\u00e4ngutund, hind kokkuleppel Ruumide kasutamine alates 10\u20ac\/h (jooga, shindo, qigong, t\u00f6\u00f6toad, koosolekud) Kost\u00fc\u00fcmilaenutus 5&#8230;..15\u20ac\/ komplekt MT\u00dc K\u00e4rdla Nukuteater a\/a EE882200&hellip;<\/p>\n","protected":false},"author":3,"featured_media":0,"parent":0,"menu_order":0,"comment_status":"closed","ping_status":"closed","template":"","meta":{"ngg_post_thumbnail":0,"footnotes":""},"class_list":["post-618","page","type-page","status-publish","hentry"],"_links":{"self":[{"href":"https:\/\/kardlanukuteater.ee\/index.php?rest_route=\/wp\/v2\/pages\/618","targetHints":{"allow":["GET"]}}],"collection":[{"href":"https:\/\/kardlanukuteater.ee\/index.php?rest_route=\/wp\/v2\/pages"}],"about":[{"href":"https:\/\/kardlanukuteater.ee\/index.php?rest_route=\/wp\/v2\/types\/page"}],"author":[{"embeddable":true,"href":"https:\/\/kardlanukuteater.ee\/index.php?rest_route=\/wp\/v2\/users\/3"}],"replies":[{"embeddable":true,"href":"https:\/\/kardlanukuteater.ee\/index.php?rest_route=%2Fwp%2Fv2%2Fcomments&post=618"}],"version-history":[{"count":4,"href":"https:\/\/kardlanukuteater.ee\/index.php?rest_route=\/wp\/v2\/pages\/618\/revisions"}],"predecessor-version":[{"id":692,"href":"https:\/\/kardlanukuteater.ee\/index.php?rest_route=\/wp\/v2\/pages\/618\/revisions\/692"}],"wp:attachment":[{"href":"https:\/\/kardlanukuteater.ee\/index.php?rest_route=%2Fwp%2Fv2%2Fmedia&parent=618"}],"curies":[{"name":"wp","href":"https:\/\/api.w.org\/{rel}","templated":true}]}}